greatest common factor of 641840 and 2208?
16
Calculate the highest common factor of 1320 and 1480204.
44
What is the greatest common factor of 3180 and 212569008?
636
Calculate the greatest common divisor of 2690754 and 11092.
118
What is the greatest common factor of 321792 and 165632?
256
What is the greatest common factor of 275604 and 23205?
357
Calculate the greatest common factor of 174345 and 8932965.
2955
What is the greatest common factor of 55174 and 4155494?
98
Calculate the highest common factor of 53756 and 11545460.
604
What is the highest common divisor of 1244341266 and 42?
42
What is the highest common factor of 236 and 36480526?
118
Calculate the greatest common divisor of 266669 and 2860.
13
What is the greatest common factor of 2831 and 2208123?
19
Calculate the highest common divisor of 1918728 and 6890670.
7614
What is the highest common divisor of 27136608 and 7236?
804
What is the highest common factor of 45 and 1588446?
9
What is the highest common divisor of 2532759 and 9?
3
What is the highest common factor of 220 and 14577530?
110
What is the highest common divisor of 1203060 and 28?
4
What is the highest common factor of 243 and 30389823?
243
What is the highest common divisor of 138729 and 5096031?
393
Calculate the highest common factor of 535655 and 435.
5
Calculate the highest common divisor of 13937 and 31279696.
1267
Calculate the highest common divisor of 28928 and 9584.
16
What is the highest common factor of 100634 and 358?
2
What is the highest common divisor of 49245 and 33663?
147
Calculate the greatest common divisor of 866475 and 19725.
75
What is the greatest common factor of 40 and 296989980?
20
What is the highest common factor of 231055933 and 386?
193
Calculate the greatest common factor of 629342273 and 7.
7
What is the greatest common divisor of 2454 and 10914?
6
Calculate the highest common factor of 13246889 and 3004.
751
What is the greatest common divisor of 475980 and 174?
6
Calculate the greatest common divisor of 11805 and 15822635.
3935
What is the greatest common divisor of 775577 and 4103?
11
Calculate the greatest common factor of 1323632375 and 13.
13
Calculate the highest common divisor of 36898 and 693101.
19
Calculate the highest common divisor of 6462478 and 226.
2
What is the highest common divisor of 7054901 and 1295?
259
Calculate the highest common divisor of 8744839 and 1.
1
Calculate the greatest common factor of 9670 and 263395328.
1934
What is the greatest common factor of 196 and 94363661?
49
Calculate the highest common factor of 144127615 and 17.
17
What is the highest common divisor of 9816186 and 48411?
489
Calculate the highest common factor of 15003 and 247851.
9
Calculate the highest common factor of 27809328 and 108.
12
What is the highest common divisor of 3394071 and 443871?
1341
Calculate the highest common factor of 836043 and 8112.
507
Calculate the greatest common divisor of 48 and 338027436.
12
What is the highest common divisor of 377 and 3551717?
377
What is the greatest common factor of 24 and 17216820?
12
Calculate the highest common factor of 53262 and 318100032.
4842
Calculate the greatest common divisor of 1271 and 20680523.
41
What is the highest common factor of 1948212 and 23814?
1134
Calculate the greatest common factor of 576435 and 75.
15
What is the highest common divisor of 84 and 479234?
14
What is the highest common factor of 19 and 29720009?
19
Calculate the highest common factor of 37666 and 129286.
1018
What is the greatest common divisor of 3874 and 1403878?
298
Calculate the highest common factor of 5968375 and 100.
25
What is the greatest common divisor of 10152 and 46392?
24
Calculate the greatest common factor of 460090 and 22186930.
3310
Calculate the highest common divisor of 5134320 and 1680.
240
What is the highest common factor of 54766935 and 18?
9
What is the greatest common divisor of 213120 and 6715944?
2664
What is the greatest common divisor of 1269 and 3983062?
47
Calculate the greatest common divisor of 6752418 and 27756.
1542
What is the greatest common divisor of 4459 and 4563468?
637
Calculate the greatest common divisor of 31064 and 5753.
11
Calculate the greatest common factor of 333396 and 82124.
196
What is the highest common factor of 535799475 and 675?
675
Calculate the greatest common divisor of 2261 and 11067063.
133
Calculate the highest common divisor of 31031 and 30818557.
2387
What is the highest common factor of 454597710 and 420?
210
Calculate the highest common factor of 1434 and 1471989.
3
What is the greatest common factor of 97200 and 98542575?
6075
Calculate the greatest common divisor of 4027850 and 450.
50
Calculate the greatest common factor of 350544 and 5427.
201
What is the highest common factor of 131852 and 192508?
68
Calculate the highest common factor of 811484 and 793872.
148
What is the highest common factor of 124 and 249901261?
31
What is the highest common factor of 105234053 and 36379?
5197
What is the greatest common divisor of 290 and 151103050?
290
What is the highest common divisor of 13437188 and 1208?
604
What is the highest common divisor of 32077870 and 506?
506
Calculate the greatest common divisor of 360 and 1665315.
45
Calculate the greatest common divisor of 68304500 and 55.
55
What is the highest common factor of 377859 and 234459?
717
Calculate the highest common divisor of 420 and 735446460.
420
What is the highest common factor of 3059013700 and 14200?
7100
What is the highest common factor of 2164965 and 627?
33
What is the greatest common factor of 102450201 and 168?
21
What is the greatest common divisor of 4044 and 92916292?
1348
Calculate the highest common factor of 456330 and 318.
318
Calculate the highest common divisor of 52935496 and 42392.
6056
Calculate the greatest common factor of 35197242 and 170.
34
Calculate the highest common divisor of 202202 and 226226.
2002
Calculate the greatest common factor of 10150 and 804475.
175
What is the greatest common divisor of 5562 and 466899?
309
What is the highest common divisor of 59696 and 220983399?
3731
What is the greatest common factor of 5624 and 58100138?
1406
Calculate the highest common factor of 3680565 and 1925.
35
What is the greatest common divisor of 755350 and 250?
50
What is the greatest common divisor of 12 and 36030716?
4
What is the highest common divisor of 559025 and 1025?
25
Calculate the greatest common divisor of 12159801 and 3.
3
Calculate the greatest common divisor of 1614624 and 1482492.
1452
Calculate the greatest common divisor of 759 and 1798599.
33
What is the highest common factor of 96100 and 7378?
62
What is the greatest common divisor of 3782 and 1434110?
122
What is the greatest common divisor of 2488200 and 648150?
4350
What is the greatest common divisor of 8127465 and 705?
15
What is the highest common divisor of 332289 and 944973?
837
Calculate the highest common factor of 1095 and 25151565.
15
Calculate the highest common divisor of 64539 and 8181.
909
Calculate the highest common factor of 910 and 1092833.
7
Calculate the highest common divisor of 9122672 and 7137.
793
What is the greatest common factor of 1314 and 311101983?
657
What is the greatest common factor of 3496 and 5965832?
184
Calculate the greatest common factor of 117 and 3134871.
9
Calculate the highest common divisor of 55569549 and 5712.
357
Calculate the highest common divisor of 16781 and 158983.
97
Calculate the highest common factor of 343 and 278594.
1
What is the greatest common divisor of 261858984 and 9156?
1308
Calculate the greatest common divisor of 6037500 and 1375.
125
Calculate the highest common divisor of 9315 and 500985.
405
What is the highest common divisor of 3733226 and 1554?
518
Calculate the highest common divisor of 10 and 48286560.
10
Calculate the greatest common factor of 280618327 and 44.
11
What is the greatest common factor of 36 and 28095939?
9
What is the highest common factor of 79680 and 4695?
15
Calculate the highest common factor of 111 and 31572988.
37
What is the highest common divisor of 6599536 and 5814?
646
What is the highest common factor of 1144 and 25860934?
22
Calculate the greatest common divisor of 32700 and 2045400.
300
Calculate the greatest commo